- (-3 + -1))). Determine h(s).
-13
Let v(y) = 5*y**2 - 5*y - 4. Let w(r) = -6*r**2 + 6*r + 5. Let l(q) = 7*v(q) + 6*w(q). Calculate l(2).
0
Let s(k) = -k**2 - 2*k + 2. Let t = -3 - -5. Suppose 3*c = 4*f - 14 - 14, 0 = -2*c - t*f. Determine s(c).
-6
Let z(c) = 2*c**2 + 1. Suppose 0 = 4*t - 1 - 3. Let n be z(t). Let s(g) = 0*g**2 + 6*g + 3*g**2 - 2*g**3 - n + g**3. Calculate s(4).
5
Suppose -15 = -m - 4*m. Let a(d) = -4 - d**3 - 7*d**m + 7*d**3 + d**2 + 7*d + 3*d**2. What is a(5)?
6
Let j(c) = -c - 6. Let v(s) = s + 5. Let g(y) = -4*j(y) - 5*v(y). Calculate g(3).
-4
Let s(v) = v**2 - 3*v + 2. Let r = -6 - -9. Let i be r - (-3 + 2)/1. What is s(i)?
6
Let y(s) be the third derivative of -s**6/120 - s**5/60 + s**4/24 - 3*s**2. Let g be y(0). Let w(c) = c**3 + c**2 - c - 7. Give w(g).
-7
Let w(h) = -h**2 + 7*h**3 - 10*h**2 - 6*h**2 + 5 + 5*h**2 - 2*h. Let l(c) = -4*c**3 + 6*c**2 + c - 2. Let p(i) = 5*l(i) + 3*w(i). Determine p(6).
-1
Let c be 4 + -4 + 0 + 0. Let b(q) = q**2 + 5. What is b(c)?
5
Let t(n) = -n**2 + 2. Let f(o) = 3*o**2 - o - 5. Suppose 0 = -4*x - 36 + 12. Let s(v) = x*f(v) - 17*t(v). What is s(3)?
5
Suppose 16 = -0*g + 4*g. Let r be (-2)/4 - (-15)/2. Let u(d) = d + 0 + 1 - r. Calculate u(g).
-2
Let f(i) = i**2 - 3*i - 2. Let k(z) = z**3 - 7*z**2 + 4. Let v be k(7). Let y = v - -5. Suppose -2*u + y = u. Determine f(u).
-2
Let x(t) be the second derivative of -2/3*t**3 + t**2 - 1/120*t**6 - 1/15*t**5 + 1/6*t**4 + 0 + t. Let g(h) be the first derivative of x(h). Give g(-5).
1
Let d(o) = 16*o. Let s be d(-1). Let y = 22 + s. Let u(v) = 6*v**2 - 10*v - 3. Let i(g) = 7*g**2 - 11*g - 2. Let x(c) = -5*i(c) + 6*u(c). Determine x(y).
-2
Let i(p) = -2*p. Let w = 125 + -127. Calculate i(w).
4
Let z(a) = a**2 + a. Let d(v) = -v - 4. Let l be 12/8 - 10/(-4). Suppose -18 = 4*u - 2*p + 4*p, 2*p + l = 3*u. Let h be d(u). Determine z(h).
2
Let c(z) = -z**2 + 5*z. Let l be 15/5 - (-2)/2. Determine c(l).
4
Let u be 1/(-4) - 38/8. Suppose 4*z + 17 = 3*s + 6, 2*s + 2*z = -2. Let h(d) = -1 - d**2 - 2 + 1 - 4*d - s. Give h(u).
-8
Let a(t) = -4*t + 3 + 5*t - 2. Let l(s) = 4*s + s**2 - 4*s - 4. Let q be l(3). Determine a(q).
6
Let r(g) = -2*g**3 - 27*g**2 - 17*g - 26. Let n(z) = z**3 + 14*z**2 + 8*z + 13. Let x(o) = -5*n(o) - 3*r(o). What is x(-10)?
3
Suppose -o + 0*o = 3*z - 11, 5*z - 5*o + 15 = 0. Let a be (-5)/z*(-16)/10. Let h(x) = -3 + 5 - 2*x**2 + 3*x - 4*x**2 + a*x**2. Determine h(3).
-7
Let d(r) be the third derivative of 0 + 0*r + 1/6*r**3 + 2*r**2 + 0*r**4 + 7/60*r**5. Suppose 1 - 3 = 2*i. What is d(i)?
8
Let l(v) be the first derivative of -v**4/4 - 4*v**3/3 + v**2/2 + 5*v - 5. Let u be 11/(-2) - 2/4. Let w(f) = f + 2. Let d be w(u). What is l(d)?
1
Let g(v) = 0*v - 2*v + 35 - 33. Determine g(4).
-6
Let q(s) = s - 1. Let m(v) = -1. Let o(j) = -m(j) + q(j). Let h(c) = -2*c**2 + 1. Let r be h(1). Determine o(r).
-1
Let o(b) = 2*b**2 + 6*b + 4. Let l be o(-2). Let y(w) = w**3 + w**2 - w - 11. What is y(l)?
-11
Let a(v) = v**3 + v**2 + v + 1. Let s(n) = -6*n**3 - n**2 - n + 1. Let l(o) = -5*a(o) - s(o). Suppose 20 = 49*x - 45*x. Give l(x).
-1
Suppose -z + 5*z = 12. Let b(i) = -1 - i**3 + 5 - 4*i - 7 + 5*i**2 + 4. What is b(z)?
7
Let c(z) = 4*z**2 - 8*z + 3. Let t be c(2). Let s(r) = r**2 - r - 3. Give s(t).
3
Let a(i) = -i - 10. Let o be a(-11). Let u(r) = 7*r - 1. Calculate u(o).
6
Suppose 5*h = 7 + 13. Let s(d) be the second derivative of -1/2*d**3 + d + 0 + 3/2*d**2. Give s(h).
-9
Let y(x) = 2*x + 3. Let t(k) = 2*k**2 + 3*k + 1. Let g be t(-2). Suppose g*u + 3*c = 2*c - 13, 4*c = 4*u + 28. Let l be (-38)/10 - (-1)/u. Determine y(l).
-5
Let a(z) = 2*z + 18. Let s(d) = -3*d - 27. Let w = 19 - 11. Let n(v) = w*a(v) + 5*s(v). Suppose 0 = g + 3*i + 17, 3 = 2*g - g - 2*i. Determine n(g).
4
Let v(h) = -2*h**3 + 8*h**2 + 3*h - 4. Let t(k) = 3*k**3 - 15*k**2 - 6*k + 7. Let r(i) = 3*t(i) + 5*v(i). Give r(-4).
-3
Let o(s) = s**3 - 3*s**2 - s + 4. Let d(v) = -v**3 + 3*v**2 - 5. Let n(b) = -2*d(b) - 3*o(b). Let x = -22 - -42. Suppose 0 + x = 5*q. What is n(q)?
-6
Let y = 3 + -5. Let v(a) be the second derivative of a**4/6 + a**3/6 - 25*a. Calculate v(y).
6
Let a(b) = 57*b - 16*b - 15*b + 6 - 20*b. Give a(-6).
-30
Let r(k) = -k**3 - 6*k**2 - 5*k - 5. Let g be (-3)/(-2 + 52/32). Let h(u) = -u**2 + 6*u + 11. Let d be h(g). Give r(d).
-5
Let a(m) = 8*m**2 - 2*m + 1. Let k = -57 - -58. Calculate a(k).
7
Let i(x) = -x**3 + 6*x**2 + 8*x - 7. Suppose 4*r = 2*m - 18, -5*m + 19 + 12 = 4*r. Give i(m).
0
Let f = -3 + 3. Let d = 4 - f. Let t(n) = -n**2 + 3*n - 5. Determine t(d).
-9
Let k(n) = -4*n + 5. Let i(d) = 5*d - 6. Let w(j) = -3*i(j) - 4*k(j). Determine w(0).
-2
Let a(q) = -q**3 + 3*q**2 + 6*q - 3. Let m be a(4). Let r(d) = d**3 + 3*d**3 + 1 - m*d**3 - d - 5*d**2. What is r(-5)?
6
Suppose 3 + 0 = 3*q. Let a(p) = -14*p**3 + p**2 - p. Give a(q).
-14
Let y(s) = -s - 9. Let x be (-53)/7 + (24/(-7))/(-6). Give y(x).
-2
Let p(f) be the third derivative of f**4/12 - 4*f**3/3 + f**2. Let d(k) = 2*k - 9. Let y(a) = -4*d(a) + 3*p(a). Determine y(8).
-4
Suppose 5*u + 5 = -3*x - 2*x, -4*u - 14 = -x. Let v(r) = 4*r - 2. Let h(s) = 9*s - 4. Let z(f) = 2*h(f) - 5*v(f). Calculate z(u).
8
Let f(v) = 20*v - 2. Let s(y) = -10*y + 1. Let l(z) = -6*f(z) - 11*s(z). Calculate l(1).
-9
Let n(f) be the third derivative of -f**8/6720 + f**7/840 + f**6/144 - f**5/40 - f**4/12 + 2*f**2. Let t(w) be the second derivative of n(w). Determine t(4).
1
Let u(z) be the third derivative of -z**5/15 - z**4/24 - z**3/3 - z**2 - 40. Determine u(2).
-20
Let i(a) = -3*a - 2. Let p(b) = -b**3 + 8*b**2 - 2. Let r be (-1 + -11)/((-9)/6). Let u be p(r). Give i(u).
4
Let x(q) = q**2. Let t(b) = -b**3 - 4*b**2 - 6*b - 4. Let u(r) = -t(r) + 3*x(r). Let f(d) = d**3 - 8*d**2 - 2*d + 10. Let z be f(8). Determine u(z).
4
Suppose 0 = 5*i - 7 - 18. Let a(d) = -5*d**3 + 10*d**2 + 3*d - 6. Let x(t) = 9*t**3 - 19*t**2 - 5*t + 12. Let q(p) = 7*a(p) + 4*x(p). Calculate q(i).
-14
Suppose v = -2*q + 4, -4*q + 4*v - 8*v = -8. Let i(l) = -11*l**2 + 2*l**3 + 5*l**q - 7 - l**3 + 0*l**2 + 7*l. Give i(5).
3
Let q = 11 - 6. Let d = -16 + 28. Let h(y) = d*y + 3 + 4 - 13*y. Determine h(q).
2
Suppose -2*f + 2 = -6. Suppose f*j + n + 19 = 0, 9 = 3*j - 6*j + n. Let m(x) = x**3 + 6*x**2 + 6*x + 1. Give m(j).
9
Let s(w) = 0 - 2 + 1 - w. Let l = -3 - -7. Suppose 0 = -l*v - 12 - 0. Determine s(v).
2
Let g(f) = -f**3 + 4*f**2 - 4. Let r(w) = w - 1. Let u be r(-1). Let t be u/((-5)/3 - -1). Determine g(t).
5
Let o(y) be the third derivative of y**5/15 + y**4/24 + y**3/6 - 6*y**2. Give o(-1).
4
Let m(t) be the first derivative of -1/3*t**3 - 2 + 3*t**2 - 2*t. Determine m(4).
6
Let v = -291 - -292. Let j(f) = 4*f**2 - 4*f + 2 - 1 + 3*f. Determine j(v).
4
Let o(l) be the third derivative of 0 - 1/12*l**4 - 1/60*l**6 + 0*l - 1/15*l**5 + 0*l**3 + l**2. Suppose 7*q = 2*q - 3*k - 7, -4*q = k + 7. What is o(q)?
4
Let b(y) be the first derivative of 4 + 2*y - 1/3*y**3 - 1/2*y**2. Calculate b(0).
2
Let x(l) = 49 - 49 + l**2 - l. Give x(1).
0
Suppose -d - 5*t = 8, -5*d + 3*t + 12 = -4. Let u(y) be the first derivative of y**4/4 - 2*y**3/3 + y**2/2 - y + 3. Give u(d).
1
Let d(p) = -p + 1. Let l(q) = q**2 + 2*q - 2. Let k(m) = 2*d(m) - l(m). Give k(-4).
4
Let s(t) = -t**3 + t**2 + 5. Let k(d) = -d**3 - d**2 - d + 1. Let z(f) = -2*k(f) + s(f). Let a = -6 + 4. What is z(a)?
3
Let m(h) = -h**3 + 7*h**2 - 7*h + 2. Let n(s) = -2*s**3 + 13*s**2 - 13*s + 4. Let x(b) = -5*m(b) + 3*n(b). Determine x(2).
2
Let u(w) = -w**2 + 3*w - 1. Let b be u(3). Let i(n) = n**2 - 1. Let g(c) = 4*c**2 + 5*c - 2. Let z(s) = b*g(s) + 5*i(s). What is z(5)?
-3
Let c(g) be the first derivative of 2 - 3*g - 1/2*g**2. What is c(-2)?
-1
Suppose 5 = 5*n - 5. Let s(k) = -k**2 + 1 + 2*k**n - k**2 - k**2. Suppose 0 = -4*o, 3*o - 9 = 3*w - 6*w. Determine s(w).
-8
Let b(u) = u**2 + u - 2. Let d be 51/21 - 6/14. Calculate b(d).
4
Suppose 61 = 2*q + i, -4*i + i = 4*q - 117. Suppose 12 = 5*z - 4*v + q, 4*z = 4*v - 20. Let r be 0/(3/(z - 2)). Let l(m) = m**3 + m**2 + m + 2. What is l(r)?
2
Suppose -7*j + 2*j = -15. Let i(x) = -j + 8 + 6*x - 4. Give i(-1).
-5
Let f(l) = l**2 + l. Let i = -2 + 3. Let q be f(i). Suppose -b + 2*j = -2 - q, -4*j = -b + 8. Let z(d) = d**3 + 5. Determine z(b).
5
Let u(f